{"id":111,"date":"2020-06-04T10:08:39","date_gmt":"2020-06-04T10:08:39","guid":{"rendered":"https:\/\/nagelfluhkunst.de\/?page_id=111"},"modified":"2022-02-22T08:30:45","modified_gmt":"2022-02-22T08:30:45","slug":"herzlich-willkommen","status":"publish","type":"page","link":"https:\/\/nagelfluhkunst.de\/","title":{"rendered":"Herzlich Willkommen"},"content":{"rendered":"\n<p><\/p>\n\n\n\n<p><strong>Wenn Hobby und Beruf zusammen finden, entsteht oft etwas Wunderbares.<\/strong><\/p>\n\n\n\n<p><img decoding=\"async\" loading=\"lazy\" width=\"1200\" height=\"800\" class=\"wp-image-243\" style=\"width: 800px;\" src=\"https:\/\/nagelfluhkunst.de\/wp-content\/uploads\/2020\/06\/beimMalen.jpg\" alt=\"\" srcset=\"https:\/\/nagelfluhkunst.de\/wp-content\/uploads\/2020\/06\/beimMalen.jpg 1200w, https:\/\/nagelfluhkunst.de\/wp-content\/uploads\/2020\/06\/beimMalen-300x200.jpg 300w, https:\/\/nagelfluhkunst.de\/wp-content\/uploads\/2020\/06\/beimMalen-1024x683.jpg 1024w, https:\/\/nagelfluhkunst.de\/wp-content\/uploads\/2020\/06\/beimMalen-768x512.jpg 768w\" sizes=\"(max-width: 1200px) 100vw, 1200px\" \/><strong> <\/strong><\/p>\n\n\n\n<p>Ich freue mich, dass Sie den Weg zu dieser Internet-Pr\u00e4senz gefunden haben. Ich habe die Seite als kleine Erweiterung zum <strong>Atelier Goldfu\u00df<\/strong> erstellt, da ich all die sch\u00f6nen Dinge dort nicht mit hinein &#8222;quetschen&#8220; wollte. Kreativit\u00e4t braucht Luft zum Atmen und Raum zum Entfalten! <br><br>Trotz dieser poetischen Worte ist es aber eigentlich eine ganz bodenst\u00e4ndige Geschichte: Ich bekam \u00f6fters Anfragen nach sch\u00f6nen Bildern als Geschenkt oder zur Dekoration von Foyers oder G\u00e4stezimmern. Besonders edel und modern wirkt der Druck auf Leinwand \u2013 ein Verfahren, welches mittlerweile zu realistischen Preisen in bester Qualit\u00e4t m\u00f6glich ist. Daher m\u00f6chte ich die Lieblingsmotive aus meiner Heimat auf diese Art optimal zur Geltung bringen.<br><br>Da man HEIMAT allerdings nicht so genau eingrenzen kann, es ist mehr ein Gebiet, eine Landschaft, eine Gegend &#8230; was unser Gef\u00fchl von Heimat pr\u00e4gt. Unsere Hausberge, Lieblingswiesen und Ausflugsziele liegen gr\u00f6\u00dftenteils im Naturpark Nagelfluhkette, welcher letztlich diese Bilder inspiriert hat \u2013 deshalb der Name: <strong>NagelfluhKunst<\/strong><\/p>\n","protected":false},"excerpt":{"rendered":"<p>Wenn Hobby und Beruf zusammen finden, entsteht oft etwas Wunderbares. Ich freue mich, dass Sie den Weg zu dieser Internet-Pr\u00e4senz gefunden haben. Ich habe die Seite als kleine Erweiterung zum Atelier Goldfu\u00df erstellt, da ich all die sch\u00f6nen Dinge dort nicht mit hinein &#8222;quetschen&#8220; wollte. Kreativit\u00e4t braucht Luft zum Atmen und Raum zum Entfalten! Trotz [&hellip;]<\/p>\n","protected":false},"author":1,"featured_media":0,"parent":0,"menu_order":0,"comment_status":"closed","ping_status":"closed","template":"","meta":[],"_links":{"self":[{"href":"https:\/\/nagelfluhkunst.de\/index.php?rest_route=\/wp\/v2\/pages\/111"}],"collection":[{"href":"https:\/\/nagelfluhkunst.de\/index.php?rest_route=\/wp\/v2\/pages"}],"about":[{"href":"https:\/\/nagelfluhkunst.de\/index.php?rest_route=\/wp\/v2\/types\/page"}],"author":[{"embeddable":true,"href":"https:\/\/nagelfluhkunst.de\/index.php?rest_route=\/wp\/v2\/users\/1"}],"replies":[{"embeddable":true,"href":"https:\/\/nagelfluhkunst.de\/index.php?rest_route=%2Fwp%2Fv2%2Fcomments&post=111"}],"version-history":[{"count":14,"href":"https:\/\/nagelfluhkunst.de\/index.php?rest_route=\/wp\/v2\/pages\/111\/revisions"}],"predecessor-version":[{"id":333,"href":"https:\/\/nagelfluhkunst.de\/index.php?rest_route=\/wp\/v2\/pages\/111\/revisions\/333"}],"wp:attachment":[{"href":"https:\/\/nagelfluhkunst.de\/index.php?rest_route=%2Fwp%2Fv2%2Fmedia&parent=111"}],"curies":[{"name":"wp","href":"https:\/\/api.w.org\/{rel}","templated":true}]}}