{"id":84,"date":"2020-06-01T09:23:50","date_gmt":"2020-06-01T09:23:50","guid":{"rendered":"https:\/\/nagelfluhkunst.de\/?page_id=84"},"modified":"2021-07-07T10:04:42","modified_gmt":"2021-07-07T10:04:42","slug":"hier-finden-sie","status":"publish","type":"page","link":"https:\/\/nagelfluhkunst.de\/?page_id=84","title":{"rendered":"Hier finden Sie"},"content":{"rendered":"\n<p>Bei meiner <strong>Arbeit als Fotografin<\/strong> ist die Kamera als st\u00e4ndiger Begleiter dabei \u2013 unterwegs im Allg\u00e4u, im Alpenvorland, auf unseren &#8222;Hausbergen&#8220; im <strong>Naturpark Nagelfluhkette<\/strong>. \u00dcber die Jahre sammeln sich viele sch\u00f6ne Bilder, tolle Momentaufnahmen von Wetter und Landschaft, Naturdetails und Studien unseres geliebten Braunviehs an \u2013 viel zu schade, um nur digital herum zu liegen. Die Wiesen, Berge und K\u00fche m\u00fcssen doch gesehen werden! In Wohnzimmern, Foyers, G\u00e4stezimmern &#8230; vielleicht ist auch f\u00fcr Sie etwas dabei?<\/p>\n\n\n\n<figure class=\"wp-block-image size-large\"><img decoding=\"async\" loading=\"lazy\" width=\"1024\" height=\"637\" src=\"https:\/\/nagelfluhkunst.de\/wp-content\/uploads\/2020\/06\/mehr-motive-1024x637.jpg\" alt=\"\" class=\"wp-image-75\" srcset=\"https:\/\/nagelfluhkunst.de\/wp-content\/uploads\/2020\/06\/mehr-motive-1024x637.jpg 1024w, https:\/\/nagelfluhkunst.de\/wp-content\/uploads\/2020\/06\/mehr-motive-300x187.jpg 300w, https:\/\/nagelfluhkunst.de\/wp-content\/uploads\/2020\/06\/mehr-motive-768x478.jpg 768w, https:\/\/nagelfluhkunst.de\/wp-content\/uploads\/2020\/06\/mehr-motive-1536x956.jpg 1536w, https:\/\/nagelfluhkunst.de\/wp-content\/uploads\/2020\/06\/mehr-motive.jpg 2000w\" sizes=\"(max-width: 1024px) 100vw, 1024px\" \/><\/figure>\n\n\n\n<p><br><br><\/p>\n","protected":false},"excerpt":{"rendered":"<p>Bei meiner Arbeit als Fotografin ist die Kamera als st\u00e4ndiger Begleiter dabei \u2013 unterwegs im Allg\u00e4u, im Alpenvorland, auf unseren &#8222;Hausbergen&#8220; im Naturpark Nagelfluhkette. \u00dcber die Jahre sammeln sich viele sch\u00f6ne Bilder, tolle Momentaufnahmen von Wetter und Landschaft, Naturdetails und Studien unseres geliebten Braunviehs an \u2013 viel zu schade, um nur digital herum zu liegen. [&hellip;]<\/p>\n","protected":false},"author":1,"featured_media":0,"parent":0,"menu_order":0,"comment_status":"closed","ping_status":"closed","template":"","meta":[],"_links":{"self":[{"href":"https:\/\/nagelfluhkunst.de\/index.php?rest_route=\/wp\/v2\/pages\/84"}],"collection":[{"href":"https:\/\/nagelfluhkunst.de\/index.php?rest_route=\/wp\/v2\/pages"}],"about":[{"href":"https:\/\/nagelfluhkunst.de\/index.php?rest_route=\/wp\/v2\/types\/page"}],"author":[{"embeddable":true,"href":"https:\/\/nagelfluhkunst.de\/index.php?rest_route=\/wp\/v2\/users\/1"}],"replies":[{"embeddable":true,"href":"https:\/\/nagelfluhkunst.de\/index.php?rest_route=%2Fwp%2Fv2%2Fcomments&post=84"}],"version-history":[{"count":9,"href":"https:\/\/nagelfluhkunst.de\/index.php?rest_route=\/wp\/v2\/pages\/84\/revisions"}],"predecessor-version":[{"id":322,"href":"https:\/\/nagelfluhkunst.de\/index.php?rest_route=\/wp\/v2\/pages\/84\/revisions\/322"}],"wp:attachment":[{"href":"https:\/\/nagelfluhkunst.de\/index.php?rest_route=%2Fwp%2Fv2%2Fmedia&parent=84"}],"curies":[{"name":"wp","href":"https:\/\/api.w.org\/{rel}","templated":true}]}}